 30 = -5*n, -2*l + n + 42 = 2*l. Suppose -12 = -l*c + 7*c. Suppose c*x = 11 + 53. What is the tens digit of x?
1
Let v(b) = 1 - 2*b - 3 + 4*b. Let i be v(3). Suppose i*x = 3*y - 28, -3*y - y - 4*x = 0. What is the units digit of y?
4
Suppose 0 = -2*o - o + 12. Let q be (-1 + o)/(-3) + 4. Suppose -q*x - 5*h - 20 = -3, -2*x = 4*h + 14. What is the units digit of x?
1
Let x be 2/4*8/2. Let v = 1 - x. What is the units digit of (-1)/(-2 - (v + 0))?
1
Let h = -12 - -14. What is the tens digit of (-3)/h + 66/4?
1
Suppose -2*g = 3*h - 8*h + 6, 4*h - 4*g = 0. Suppose h*y = -3*b + b + 4, 4*b + 3*y = 10. What is the units digit of b?
4
Suppose 4*d - 9*d + 280 = 0. What is the units digit of d?
6
Let j(h) = -h**2 + 8*h - 1. Let x be j(7). Suppose -65 = -o + x*o. Let q = -2 - o. What is the tens digit of q?
1
What is the units digit of (0 - -1)/(-7*4/(-420))?
5
Suppose 0 = -b - 4 + 9, -2*j + b = 125. What is the units digit of 4/8*-4 - j?
8
Suppose 3*p = -4*p + 805. What is the units digit of p?
5
Suppose -4*t = -7*t + 378. What is the tens digit of t?
2
Let w = -2 - -5. Suppose 0 = -w*l + 54 + 57. What is the units digit of l?
7
Let h(u) = 12*u**2 + 3*u + 8 - 7 + 12*u**2. What is the tens digit of h(-1)?
2
Let o(b) = 9*b + 3. Let i be o(-4). Suppose -2*y = 4*j + 3*y - 164, -16 = 4*y. Let n = i + j. What is the units digit of n?
3
Suppose 0*t + 5*t = 20. Let h be 1/t*(1 - -3). Let u(p) = 3*p. What is the units digit of u(h)?
3
Suppose -2*n - 3 = -9. Let k = n - 1. Suppose -18 = -k*r + f + 4, -2*f = 0. What is the units digit of r?
1
Suppose 25*k = 12*k + 3523. What is the hundreds digit of k?
2
What is the units digit of (96/(-9))/(-4)*15/10?
4
Let b = -7 + 10. Suppose -2*h = h - b. Suppose -v + 4 = -h. What is the units digit of v?
5
Let q = 127 + -84. What is the tens digit of q?
4
Suppose d + 4 = -0*d - 2*g, -5*g = -3*d + 10. Suppose 8 + 7 = j. Suppose d*q = 3*q - j. What is the units digit of q?
5
What is the units digit of 1 + (-15)/((-12)/4)?
6
Let d = 662 + -371. What is the tens digit of d?
9
Suppose 0 = -0*y - 4*y + 20. Let n = 13 - y. Suppose 0 = c - 0*c - n. What is the units digit of c?
8
Suppose 3*b + 52 = 442. Suppose b = 5*k - 45. What is the units digit of k?
5
Suppose 0*y + 2*y = -2. Let x be 1 + -2 - -2 - y. Suppose -x*h + 28 = 2*h. What is the units digit of h?
7
What is the units digit of (-150)/(-54) + (-2)/(-9)?
3
Let h(x) = x. Let u(i) = -i + 3. Let s(p) = -2*h(p) - u(p). Let q be s(-6). Suppose -4*d + 31 = -3*z, d + 2*d = q*z + 21. What is the units digit of d?
0
What is the units digit of (((-12)/9)/2)/(4/(-102))?
7
Suppose -3*b + 0*b - p = 27, -36 = 4*b - 5*p. What is the units digit of 6/4*(-48)/b?
8
Suppose -8*t = -3*t - 5. Suppose -w = -q - 3, t = -5*q + 16. What is the units digit of w?
6
Let k(n) be the second derivative of -n**3/6 + n**2 + 3*n. What is the tens digit of k(-16)?
1
Let k(n) = -n**2 - 3*n + 1. Let p = 15 - -5. Suppose -10 = -5*j - 5*t, -5*t + p = -t. What is the units digit of k(j)?
1
Suppose -36 = -q + 10. Let x be q/10 + (-4)/(-10). Suppose -2*s - x*h + 3*h = -42, -5*s - 3*h + 97 = 0. What is the tens digit of s?
1
Suppose -2*r + 3*o + 4 = 0, 4*r + 0*o = 2*o + 8. Suppose 15 = -r*p + p. What is the units digit of ((-10)/25)/(1/p)?
6
Let s(d) = d - 8. Let l be s(12). Suppose 4*c + l*h = 72, -5*c + 0*c + 3*h + 50 = 0. What is the tens digit of c?
1
Let n(s) = -17*s**2 - 3*s - 1. Let v(t) = -9*t**2 - t. Let j(z) = -3*n(z) + 5*v(z). What is the tens digit of j(-2)?
1
Suppose 3*y - 727 = 4*h, 13*h = 2*y + 8*h - 473. What is the hundreds digit of y?
2
Let i(x) = 6*x**2. Let h be i(-2). Let u be 4/(h/9 + -2). What is the units digit of u/(-15)*10/(-1)?
4
Suppose -6 = 4*s - s. Suppose -4*a = -8 - 8. What is the units digit of s/(-1)*10/a?
5
Let b(c) = -c**3 - 7*c**2 - 3*c - 9. Let g be b(-7). Suppose 0*x = -4*x - 4*y + g, 2*x = -y + 7. Suppose x*q + 18 = 7*q. What is the units digit of q?
6
Suppose 0 = 5*g - 4*g - 2. Let a = -3 - -5. Suppose g*w - a = w. What is the units digit of w?
2
Suppose g + g = 6. Suppose 0 = g*v - 8 - 28. Suppose 34 = 2*c + s + v, 3*s = -5*c + 57. What is the units digit of c?
9
Suppose -3*v + 3*r = -2*r - 273, r = -5*v + 483. What is the units digit of v?
6
Suppose 0*a = -2*a - 5*p + 27, -2*a + 12 = 2*p. What is the units digit of a?
1
Let h(m) = m**2 - 4*m + 2. Suppose 0 = -f + 5*f + 12. Let z(l) = -3*l - 4. Let a be z(f). What is the units digit of h(a)?
7
Let x = -129 + 199. What is the units digit of x?
0
Let h be 0 - 0/(-2) - -1013. Let f = -719 + h. What is the units digit of 2/(-5) + f/35?
8
Let b(k) be the third derivative of k**4/12 - 4*k**3/3 + k**2. Let n be b(-6). What is the tens digit of (n + 0)*2/(-4)?
1
Suppose -9 + 0 = -3*l. Let o(z) = -z**3 + 2*z**2 + 4*z + 1. What is the units digit of o(l)?
4
Let a be (2 - 0) + 1 + -1. Suppose -l - a*r - 11 = 3*r, -3*r - 8 = 2*l. What is the units digit of (l/(-2))/(3/12)?
2
Suppose 0*n = 4*u + n - 13, 2*u = -4*n + 24. Suppose 0 = -2*q + 3*q + 5*a + 16, 2*a + 28 = 5*q. Let m = u + q. What is the units digit of m?
6
Suppose -2*g + 63 = -61. What is the tens digit of g?
6
Suppose 0 = -3*p + 17 + 7. What is the tens digit of -7 + p + (12 - -1)?
1
Let l be (10/(-6))/(4/(-24)). Let f be (2 - -3)*6/l. Suppose 0*x + f*g + 18 = 2*x, -4*x = -5*g - 36. What is the units digit of x?
9
Suppose 21*r - 4493 = -461. What is the hundreds digit of r?
1
Suppose -8 = -4*w - 3*i, 3 - 5 = 2*w + 3*i. Suppose -w + 2 = -m. What is the units digit of m?
3
Let r(l) = -l - 7. Suppose -2*s - 4 = -p, s + 2*s = -3. Suppose -p*y - 2*y = 36. What is the units digit of r(y)?
2
Let j(v) be the second derivative of 1/12*v**4 + v + 0 - 2*v**2 + 1/6*v**3. What is the units digit of j(3)?
8
Suppose h - 35 = -p - 4*h, -3*p = h - 63. What is the units digit of ((-3)/(-12))/(5/p)?
1
Suppose 8*x - 3*x - 110 = 0. What is the tens digit of x?
2
Let p = -21 + 52. What is the tens digit of p?
3
Let l(p) = p**3 + 8*p**2 + 3*p + 5. What is the tens digit of l(-7)?
3
Suppose -3*i = -0*i - 129. Let c = i - 28. What is the units digit of c?
5
Let a be -1 - -2 - (13 + 3). What is the units digit of a/(-2) + 5/(-10)?
7
Let b = 867 - 442. What is the tens digit of b?
2
Let h(y) = 4*y**2 - 11*y - 5. What is the tens digit of h(-5)?
5
Let x(z) = -z**2 - 8 - 11*z**2 + z + 0*z**3 + z**3. What is the units digit of x(12)?
4
Let x(c) = -c**2 - 11*c + 1. Let j = -18 + 12. Let b be x(j). Suppose 0 = 4*i - b - 21. What is the tens digit of i?
1
Let l(z) = z**3 + 10*z**2 - 10*z + 12. What is the units digit of l(-9)?
3
Suppose -2*m + p + 88 = -4*p, -5*m + 282 = 3*p. What is the tens digit of m?
5
Suppose 0 = v - 3*v - 2. Let q = 5 + v. Suppose -25 = -f - q*f + h, -3*h = -3*f + 27. What is the units digit of f?
4
What is the hundreds digit of 15*(-6)/9*-14?
1
Let n = -6 + 3. Let l(z) = -2*z + 2. What is the units digit of l(n)?
8
Let a = 124 + 25. What is the hundreds digit of a?
1
Let k(i) = i**3 + 12*i**2 - 12*i + 19. What is the units digit of k(-12)?
3
Let i(n) = 5*n**3 - 2*n**2 + 2*n - 14. Let v(w) = w**3 + w**2 + w - 1. Let f(h) = -i(h) + 6*v(h). What is the units digit of f(-6)?
6
Let v be (-27)/(-6) + 3/6. Suppose -v*h + 71 = -114. What is the tens digit of h?
3
Let b(h) = 47*h**2 - 3*h + 2. What is the tens digit of b(1)?
4
Suppose 71 = 5*h - 64. Let v = -38 + h. Let a = v + 16. What is the units digit of a?
5
Let i = 130 - 67. What is the tens digit of i?
6
Suppose -4*s - s = -70. What is the units digit of s?
4
Suppose -2*w + 1085 = 3*w - 4*y, -629 = -3*w - 2*y. What is the tens digit of w?
1
Let c(f) = f - 4. Let y be c(8). Suppose 92 + 68 = y*v. Suppose 0 = -4*l + 4*w + v, -l + 0*w + 14 = w. What is the units digit of l?
2
Suppose -13 = -d + r, 0*d - 5*d + 35 = r. Let t be 9/2*d/(-6). What is the units digit of (20/t)/((-2)/3)?
5
Let y(n) = -n**2 + 9*n + 3. Let t(k) = k**3 - 2*k**2 - k - 2. Let s be t(3). What is the tens digit of y(s)?
2
Let z be -34 + -1 - (0 - -1). Let w = 59 + z. What is the tens digit of w?
2
Let d be 2/4 - (-6)/4. Suppose -5*w + 2*w - d = k, -k + 3*w = -16. What is the units digit of k?
7
Suppose 2*d = 5*g + 18, 5*d - 1 = 4*g + 10. Let r = d + 25. Suppose r + 16 = 4*l. What is the tens digit of l?
1
Let d(x) = -2*x - 4. Let f = 4 - 9. Let n be d(f). Let o(k) = 2